{"id":382,"date":"2016-04-08T09:16:44","date_gmt":"2016-04-08T09:16:44","guid":{"rendered":"http:\/\/kienthucxaydung.vn\/thuvien\/?post_type=product&#038;p=382"},"modified":"2016-04-13T09:53:16","modified_gmt":"2016-04-13T09:53:16","slug":"thanh-vien-vip","status":"publish","type":"product","link":"https:\/\/kienthucxaydung.vn\/thuvien\/san-pham\/goi-thanh-vien\/thanh-vien-vip\/","title":{"rendered":"Thu\u00ea bao n\u0103m"},"content":{"rendered":"<p>Thu\u00ea bao n\u0103m<\/p>\n","protected":false},"excerpt":{"rendered":"<p>Thu\u00ea bao n\u0103m<\/p>\n","protected":false},"featured_media":711,"comment_status":"open","ping_status":"closed","template":"","meta":[],"_links":{"self":[{"href":"https:\/\/kienthucxaydung.vn\/thuvien\/wp-json\/wp\/v2\/product\/382"}],"collection":[{"href":"https:\/\/kienthucxaydung.vn\/thuvien\/wp-json\/wp\/v2\/product"}],"about":[{"href":"https:\/\/kienthucxaydung.vn\/thuvien\/wp-json\/wp\/v2\/types\/product"}],"replies":[{"embeddable":true,"href":"https:\/\/kienthucxaydung.vn\/thuvien\/wp-json\/wp\/v2\/comments?post=382"}],"wp:featuredmedia":[{"embeddable":true,"href":"https:\/\/kienthucxaydung.vn\/thuvien\/wp-json\/wp\/v2\/media\/711"}],"wp:attachment":[{"href":"https:\/\/kienthucxaydung.vn\/thuvien\/wp-json\/wp\/v2\/media?parent=382"}],"curies":[{"name":"wp","href":"https:\/\/api.w.org\/{rel}","templated":true}]}}