{"id":555,"date":"2016-04-10T01:40:02","date_gmt":"2016-04-10T01:40:02","guid":{"rendered":"http:\/\/kienthucxaydung.vn\/thuvien\/?page_id=555"},"modified":"2016-04-13T11:33:56","modified_gmt":"2016-04-13T11:33:56","slug":"dang-ky-nhom-dang-tin","status":"publish","type":"page","link":"https:\/\/kienthucxaydung.vn\/thuvien\/dang-ky-nhom-dang-tin\/","title":{"rendered":"\u0110\u0103ng k\u00fd nh\u00f3m \u0111\u0103ng tin"},"content":{"rendered":"<p style=\"text-align: justify;\">T\u00ecnh nguy\u1ec7n vi\u00ean l\u00e0 nh\u1eefng th\u00e0nh vi\u00ean c\u00f3 chuy\u00ean m\u00f4n v\u1ec1 ho\u1ea1t \u0111\u1ed9ng x\u00e2y d\u1ef1ng, c\u00f3 c\u00e1c k\u1ef9 n\u0103ng vi\u1ebft b\u00e0i m\u00e0 kh\u00f4ng y\u00eau c\u1ea7u tr\u1ea3 chi ph\u00ed <strong>\u0111\u00fang gi\u00e1<\/strong> khi \u0111\u0103ng tin cho Th\u01b0 Vi\u1ec7n X\u00e2y D\u1ef1ng.<\/p>\n<p style=\"text-align: justify;\">T\u01b0\u01a1ng t\u00e1c gi\u1eefa c\u00e1c T\u00ecnh nguy\u1ec7n vi\u00ean v\u1edbi nhau, gi\u1eefa c\u00e1c T\u00ecnh nguy\u1ec7n vi\u00ean v\u1edbi Ban Qu\u1ea3n Tr\u1ecb \u00a0th\u00f4ng qua\u00a0c\u00e1c\u00a0c\u00f4ng c\u1ee5\u00a0c\u1ed9ng t\u00e1c \u00a0t\u1ea1i chuy\u00ean trang<strong><a href=\"http:\/\/congdongxaydung.vn\/home\"> K\u1ebft N\u1ed1i<\/a><\/strong> c\u1ee7a C\u1ed9ng \u0110\u1ed3ng X\u00e2y D\u1ef1ng.<\/p>\n<p style=\"text-align: justify;\">Tr\u00e1ch Nhi\u1ec7m\u00a0v\u00e0 Quy\u1ec1n L\u1ee3i c\u1ee7a T\u00ecnh Nguy\u1ec7n Vi\u00ean\u00a0khi gia nh\u1eadp Nh\u00f3m \u0110\u0103ng Tin:<\/p>\n<p style=\"text-align: justify;\"><div class='et-learn-more clearfix'>\n\t\t\t\t\t<h3 class='heading-more'>Tr\u00e1ch Nhi\u1ec7m<span class='et_learnmore_arrow'><span><\/span><\/span><\/h3>\n\t\t\t\t\t<div class='learn-more-content'><p style=\"text-align: justify;\">\u0110i\u1ec1n \u0111\u0103ng k\u00fd l\u00e0m t\u00ecnh nguy\u1ec7n vi\u00ean \u00a0v\u1edbi \u0111\u1ea7y \u0111\u1ee7 chi ti\u1ebft c\u00e1 nh\u00e2n, c\u00e1c k\u1ef9 n\u0103ng, s\u1edf th\u00edch v\u00e0 th\u00f4ng tin li\u00ean l\u1ea1c theo khung d\u01b0\u1edbi \u0111\u00e2y.<\/p>\n<p style=\"text-align: justify;\">Tu\u00e2n th\u1ee7 \u0111i\u1ec1u kho\u1ea3n khi \u0111\u0103ng k\u00fd l\u00e0m th\u00e0nh vi\u00ean g\u1ed3m: Quy ch\u1ebf ho\u1ea1t \u0111\u1ed9ng chung v\u00e0 Y\u00eau c\u1ea7u chung.<\/p>\n<p style=\"text-align: justify;\">Tu\u00e2n th\u1ee7<a href=\"http:\/\/congdongxaydung.vn\/forum\/forum\/thong-bao-huong-dan\/137-thoa-thuan-cung-cap-va-su-dung-dich-vu-mang-xa-hoi-congdongxaydung-vn\"> th\u1ecfa thu\u1eadn Cung c\u1ea5p v\u00e0 S\u1eed d\u1ee5ng d\u1ecbch v\u1ee5 m\u1ea1ng x\u00e3 h\u1ed9i congdongxaydung.vn<\/a><\/div>\n\t\t\t\t<\/div><\/p>\n<p style=\"text-align: justify;\"><div class='et-learn-more clearfix'>\n\t\t\t\t\t<h3 class='heading-more'>Quy\u1ec1n L\u1ee3i<span class='et_learnmore_arrow'><span><\/span><\/span><\/h3>\n\t\t\t\t\t<div class='learn-more-content'><p style=\"text-align: justify;\">Khi c\u00e1c th\u00e0nh vi\u00ean \u0111\u0103ng b\u00e0i, h\u1ec7 th\u1ed1ng t\u00ednh to\u00e1n t\u1ef1 \u0111\u1ed9ng c\u1ee7a Th\u01b0 Vi\u1ec7n s\u1ebd t\u00ednh to\u00e1n ra \u0111i\u1ec3m d\u1ef1a tr\u00ean s\u1ed1 l\u01b0\u1ee3ng b\u00e0i \u0111\u0103ng, ch\u1ea5t l\u01b0\u1ee3ng b\u00e0i \u0111\u0103ng c\u0169ng nh\u01b0 s\u1ed1 truy c\u1eadp \u0111\u1ebfn c\u00e1c b\u00e0i m\u00e0 th\u00e0nh vi\u00ean \u0111\u00e3 \u0111\u0103ng. Th\u00e0nh vi\u00ean T\u00ecnh Nguy\u1ec7n s\u1ebd d\u00f9ng h\u1ec7 th\u1ed1ng \u0111i\u1ec3m \u0111\u1ec3 s\u1eed d\u1ee5ng c\u00e1c g\u00f3i d\u1ecbch v\u1ee5 tr\u00ean Ki\u1ebfn Th\u1ee9c X\u00e2y D\u1ef1ng, C\u1ed9ng \u0110\u1ed3ng X\u00e2y D\u1ef1ng, Th\u00f4ng Tin X\u00e2y D\u1ef1ng.<\/p>\n<p style=\"text-align: justify;\">Cu\u1ed1i c\u00e1c k\u1ef3 t\u00e0i ch\u00ednh \u0111\u01b0\u1ee3c c\u00e1c c\u1ed5ng thanh to\u00e1n chi tr\u1ea3, n\u1ebfu Th\u01b0 Vi\u1ec7n X\u00e2y D\u1ef1ng c\u00f3 ngu\u1ed3n thu th\u1ef1c, Ban Qu\u1ea3n Tr\u1ecb s\u1ebd c\u00f4ng khai b\u1ed3i d\u01b0\u1ee1ng cho c\u00e1c th\u00e0nh vi\u00ean d\u1ef1a tr\u00ean s\u1ed1 \u0111i\u1ec3m m\u00e0 c\u00e1c th\u00e0nh vi\u00ean hi\u1ec7n c\u00f3.<\/p>\n<p style=\"text-align: justify;\"><\/div>\n\t\t\t\t<\/div><\/p>\n<p style=\"text-align: justify;\"><div role=\"form\" class=\"wpcf7\" id=\"wpcf7-f554-o1\" lang=\"vi\" dir=\"ltr\">\n<div class=\"screen-reader-response\"><p role=\"status\" aria-live=\"polite\" aria-atomic=\"true\"><\/p> <ul><\/ul><\/div>\n<form action=\"\/thuvien\/wp-json\/wp\/v2\/pages\/555#wpcf7-f554-o1\" method=\"post\" class=\"wpcf7-form init\" novalidate=\"novalidate\" data-status=\"init\">\n<div style=\"display: none;\">\n<input type=\"hidden\" name=\"_wpcf7\" value=\"554\" \/>\n<input type=\"hidden\" name=\"_wpcf7_version\" value=\"5.3\" \/>\n<input type=\"hidden\" name=\"_wpcf7_locale\" value=\"vi\" \/>\n<input type=\"hidden\" name=\"_wpcf7_unit_tag\" value=\"wpcf7-f554-o1\" \/>\n<input type=\"hidden\" name=\"_wpcf7_container_post\" value=\"0\" \/>\n<input type=\"hidden\" name=\"_wpcf7_posted_data_hash\" value=\"\" \/>\n<\/div>\n<p>T\u00ean c\u1ee7a b\u1ea1n (b\u1eaft bu\u1ed9c)<br \/>\n    <span class=\"wpcf7-form-control-wrap your-name\"><input type=\"text\" name=\"your-name\" value=\"\" size=\"40\" class=\"wpcf7-form-control wpcf7-text wpcf7-validates-as-required\" aria-required=\"true\" aria-invalid=\"false\" \/><\/span> <\/p>\n<p>\u0110\u1ecba ch\u1ec9 Email (b\u1eaft bu\u1ed9c)<br \/>\n    <span class=\"wpcf7-form-control-wrap your-email\"><input type=\"email\" name=\"your-email\" value=\"\" size=\"40\" class=\"wpcf7-form-control wpcf7-text wpcf7-email wpcf7-validates-as-required wpcf7-validates-as-email\" aria-required=\"true\" aria-invalid=\"false\" \/><\/span> <\/p>\n<p>Ti\u00eau \u0111\u1ec1:<br \/>\n    <span class=\"wpcf7-form-control-wrap your-subject\"><input type=\"text\" name=\"your-subject\" value=\"\" size=\"40\" class=\"wpcf7-form-control wpcf7-text\" aria-invalid=\"false\" \/><\/span> <\/p>\n<p>Th\u00f4ng \u0111i\u1ec7p<br \/>\n    <span class=\"wpcf7-form-control-wrap your-message\"><textarea name=\"your-message\" cols=\"40\" rows=\"10\" class=\"wpcf7-form-control wpcf7-textarea\" aria-invalid=\"false\"><\/textarea><\/span> <\/p>\n<p><input type=\"submit\" value=\"G\u1eedi \u0111i\" class=\"wpcf7-form-control wpcf7-submit\" \/><\/p>\n<div class=\"wpcf7-response-output\" aria-hidden=\"true\"><\/div><\/form><\/div><\/p>\n<p style=\"text-align: justify;\">Tr\u00e2n tr\u1ecdng c\u1ea3m \u01a1n\u00a0c\u00e1c\u00a0<strong>T<\/strong><strong>\u00ecnh Nguy\u1ec7n Vi\u00ean<\/strong>\u00a0\u0111\u00e3\u00a0<strong>\u0110\u0103ng Tin<\/strong> cho Th\u01b0 Vi\u1ec7n Tr\u1ef1c Tuy\u1ebfn.<\/p>\n<p style=\"text-align: justify;\">Ban Qu\u1ea3n Tr\u1ecb<\/p>\n<p style=\"text-align: justify;\">\n","protected":false},"excerpt":{"rendered":"<p>T\u00ecnh nguy\u1ec7n vi\u00ean l\u00e0 nh\u1eefng th\u00e0nh vi\u00ean c\u00f3 chuy\u00ean m\u00f4n v\u1ec1 ho\u1ea1t \u0111\u1ed9ng x\u00e2y d\u1ef1ng, c\u00f3 c\u00e1c k\u1ef9 n\u0103ng vi\u1ebft b\u00e0i m\u00e0 kh\u00f4ng y\u00eau c\u1ea7u tr\u1ea3 chi ph\u00ed \u0111\u00fang gi\u00e1 khi \u0111\u0103ng tin cho Th\u01b0 Vi\u1ec7n X\u00e2y D\u1ef1ng. T\u01b0\u01a1ng t\u00e1c gi\u1eefa c\u00e1c T\u00ecnh nguy\u1ec7n vi\u00ean v\u1edbi nhau, gi\u1eefa c\u00e1c T\u00ecnh nguy\u1ec7n vi\u00ean v\u1edbi Ban Qu\u1ea3n [&hellip;]<\/p>\n","protected":false},"author":1,"featured_media":0,"parent":0,"menu_order":0,"comment_status":"closed","ping_status":"closed","template":"","meta":[],"_links":{"self":[{"href":"https:\/\/kienthucxaydung.vn\/thuvien\/wp-json\/wp\/v2\/pages\/555"}],"collection":[{"href":"https:\/\/kienthucxaydung.vn\/thuvien\/wp-json\/wp\/v2\/pages"}],"about":[{"href":"https:\/\/kienthucxaydung.vn\/thuvien\/wp-json\/wp\/v2\/types\/page"}],"author":[{"embeddable":true,"href":"https:\/\/kienthucxaydung.vn\/thuvien\/wp-json\/wp\/v2\/users\/1"}],"replies":[{"embeddable":true,"href":"https:\/\/kienthucxaydung.vn\/thuvien\/wp-json\/wp\/v2\/comments?post=555"}],"version-history":[{"count":9,"href":"https:\/\/kienthucxaydung.vn\/thuvien\/wp-json\/wp\/v2\/pages\/555\/revisions"}],"predecessor-version":[{"id":730,"href":"https:\/\/kienthucxaydung.vn\/thuvien\/wp-json\/wp\/v2\/pages\/555\/revisions\/730"}],"wp:attachment":[{"href":"https:\/\/kienthucxaydung.vn\/thuvien\/wp-json\/wp\/v2\/media?parent=555"}],"curies":[{"name":"wp","href":"https:\/\/api.w.org\/{rel}","templated":true}]}}