{"id":44,"date":"2016-04-02T04:56:28","date_gmt":"2016-04-02T04:56:28","guid":{"rendered":"http:\/\/kienthucxaydung.vn\/thuvien\/?page_id=44"},"modified":"2016-04-08T02:01:46","modified_gmt":"2016-04-08T02:01:46","slug":"tieu-chuan-quy-chuan","status":"publish","type":"page","link":"https:\/\/kienthucxaydung.vn\/thuvien\/tieu-chuan-quy-chuan\/","title":{"rendered":"Ti\u00eau chu\u1ea9n &#8211; Quy chu\u1ea9n"},"content":{"rendered":"<script language=\"javascript\"> \nfunction toggle() {\n\tvar ele = document.getElementById(\"toggleText\");\n\tvar text = document.getElementById(\"displayText\");\n\tif(ele.style.display == \"inline-block\") {\n    \t\tele.style.display = \"none\";\n\t\ttext.innerHTML = \"T\u00ecm ki\u1ebfm n\u00e2ng cao\";\n  \t}\n\telse {\n\t\tele.style.display = \"inline-block\";\n\t\ttext.innerHTML = \"\u1ea8n\";\n\t}\n} \n<\/script>\n\n <form autocomplete=\"off\" name=\"wpv-filter-41\" action=\"https:\/\/kienthucxaydung.vn\/thuvien\/tieu-chuan-quy-chuan\/\" method=\"get\" class=\"wpv-filter-form js-wpv-filter-form js-wpv-filter-form-41 js-wpv-form-full js-wpv-dps-enabled js-wpv-ajax-results-submit-enabled\" data-viewnumber=\"41\" data-viewid=\"41\" data-viewhash=\"eyJuYW1lIjoidGlldS1jaHVhbiJ9\" data-viewwidgetid=\"0\" data-orderby=\"field-wpcf-ngay-ban-hanh-tieu-chuan\" data-order=\"desc\"><input type=\"hidden\" class=\"js-wpv-dps-filter-data js-wpv-filter-data-for-this-form\" data-action=\"https:\/\/kienthucxaydung.vn\/thuvien\/tieu-chuan-quy-chuan\/\" data-page=\"1\" data-ajax=\"disable\" data-effect=\"fade\" data-maxpages=\"3\" data-ajaxprebefore=\"\" data-ajaxbefore=\"\" data-ajaxafter=\"\" \/><input class=\"wpv_view_count wpv_view_count-41\" type=\"hidden\" name=\"wpv_view_count\" value=\"41\" \/>\n\n<div style=\"width:100%;background: azure;padding:10px;\">\n<div class=\"keyword\">\n<label>T\u1eeb kh\u00f3a: <\/label><input type=\"text\" name=\"wpv_post_search\"  class=\"js-wpv-filter-trigger-delayed\" \/><\/div>\n\n<div class=\"abc\" id=\"toggleText\" style=\"display: none\">                                                            \n <ul>\n   <li><label>S\u1ed1 hi\u1ec7u: <\/label> \r\n<input type=\"text\" id=\"wpv_control_textfield_so-hieu-tc\" name=\"so-hieu-tc\" value=\"\" style=\"\" class=\"js-wpv-filter-trigger-delayed  wpcf-form-textfield form-textfield textfield\" \/>\r\n\n\n<\/li>\n   <li><label>L\u0129nh v\u1ef1c:<\/label> \t\t<select name=\"wpv-linh-vuc-tieu-chuan\" class=\"js-wpv-filter-trigger\"><option selected='selected' value=\"0\"><\/option><option value=\"an-ninh-quoc-phong\">An ninh Qu\u1ed1c ph\u00f2ng<\/option>\n<option value=\"cong-nghiep\">C\u00f4ng Nghi\u1ec7p<\/option>\n<option value=\"dan-dung\">D\u00e2n d\u1ee5ng<\/option>\n<option value=\"giao-thong\">Giao Th\u00f4ng<\/option>\n<option value=\"ha-tang-ky-thuat\">H\u1ea1 t\u1ea7ng k\u1ef9 thu\u1eadt<\/option>\n<option value=\"nong-nghiep-nong-thon\">N\u00f4ng nghi\u1ec7p n\u00f4ng th\u00f4n<\/option>\n<\/select>\t\t\n    <\/li>\n<li><label>C\u01a1 quan ban h\u00e0nh: <\/label> \t\t<select name=\"wpv-co-quan-ban-hanh\" class=\"js-wpv-filter-trigger\"><option selected='selected' value=\"0\"><\/option><option value=\"bo-chuyen-nganh\">B\u1ed9 chuy\u00ean ng\u00e0nh<\/option>\n<option value=\"bo-khoa-hoc-cong-nghe\">B\u1ed9 Khoa h\u1ecdc C\u00f4ng ngh\u1ec7<\/option>\n<\/select>\t\t\n    \n <\/li>\n   <li><label>Ng\u00e0y ban h\u00e0nh: <\/label> <span class=\"wpv_date_input js-wpv-date-param-ngay-ban-hanh-tieu-chuan js-wpv-date-display\" data-param=\"ngay-ban-hanh-tieu-chuan\"><\/span> <input type=\"hidden\" class=\"js-wpv-date-param-ngay-ban-hanh-tieu-chuan-value js-wpv-filter-trigger\" name=\"ngay-ban-hanh-tieu-chuan\" value=\"\" \/><input type=\"hidden\" class=\"js-wpv-date-param-ngay-ban-hanh-tieu-chuan-format\" name=\"ngay-ban-hanh-tieu-chuan-format\" value=\"d\/m\/Y\" \/><input type=\"hidden\" data-param=\"ngay-ban-hanh-tieu-chuan\" class=\"wpv-date-front-end js-wpv-frontend-datepicker js-wpv-date-front-end-ngay-ban-hanh-tieu-chuan\" value=\"\"\/><img src=\"https:\/\/kienthucxaydung.vn\/thuvien\/wp-content\/plugins\/wp-views\/embedded\/res\/img\/delete.png\" title=\"Clear date\" alt=\"Clear date\" class=\"wpv-date-front-end-clear js-wpv-date-front-end-clear js-wpv-date-front-end-clear-ngay-ban-hanh-tieu-chuan\" data-param=\"ngay-ban-hanh-tieu-chuan\" style=\"display:none\" \/>\n\n <\/li>\n<\/ul>\n<\/div>\n<div class=\"clear\"><\/div>\n<div><a id=\"displayText\" href=\"javascript:toggle();\">T\u00ecm ki\u1ebfm n\u00e2ng cao<\/a><br>\n  <button type=\"submit\" class=\"button js-wpv-submit-trigger\" >T\u00ecm ki\u1ebfm<\/button>\n<\/div><\/div>\n\nTrang:  <ul><li class=\"wpv-page-link-41-1 js-wpv-page-link-41-1 wpv_page_current\"><span class=\"wpv-filter-pagination-link\">1<\/span><\/li><li class=\"wpv-page-link-41-2 js-wpv-page-link-41-2\"><a class=\"wpv-filter-pagination-link js-wpv-pagination-link\" title=\"2\" href=\"\/thuvien\/wp-json\/wp\/v2\/pages\/44?wpv_view_count=41&#038;wpv_paged=2\" data-viewnumber=\"41\" data-page=\"2\">2<\/a><\/li><li class=\"wpv-page-link-41-3 js-wpv-page-link-41-3\"><a class=\"wpv-filter-pagination-link js-wpv-pagination-link\" title=\"3\" href=\"\/thuvien\/wp-json\/wp\/v2\/pages\/44?wpv_view_count=41&#038;wpv_paged=3\" data-viewnumber=\"41\" data-page=\"3\">3<\/a><\/li><\/ul>\n<\/form>\n\n\n<br>\n<div id=\"wpv-view-layout-41\" class=\"js-wpv-view-layout js-wpv-layout-responsive\" data-viewnumber=\"41\" data-pagination=\"{&quot;ajax&quot;:&quot;false&quot;,&quot;effect&quot;:&quot;fade&quot;,&quot;duration&quot;:500,&quot;stop_rollover&quot;:&quot;false&quot;,&quot;cache_pages&quot;:&quot;1&quot;,&quot;preload_pages&quot;:&quot;1&quot;,&quot;pre_reach&quot;:&quot;1&quot;,&quot;spinner&quot;:&quot;default&quot;,&quot;spinner_image&quot;:&quot;https:\/\/kienthucxaydung.vn\/thuvien\/wp-content\/plugins\/wp-views\/embedded\/res\/img\/ajax-loader.gif&quot;,&quot;callback_next&quot;:&quot;&quot;,&quot;manage_history&quot;:&quot;on&quot;,&quot;has_controls_in_form&quot;:&quot;on&quot;,&quot;tolerance&quot;:&quot;0&quot;,&quot;max_pages&quot;:3,&quot;page&quot;:1}\" data-pagepermalink=\"\/thuvien\/wp-json\/wp\/v2\/pages\/44?wpv_view_count=41\">\n\n\t\n\t\n\t\n\t<ul class=\"wpv-loop js-wpv-loop\">\n\t\t\n\t\t\t<li><div class=\"content-0\">\n   <div class=\"left-col\">\n        <div class=\"nq\">\n         <h4 class=\"nqTitle\"><a href=\"https:\/\/kienthucxaydung.vn\/thuvien\/tieu-chuan\/qcvn-07-82015bxd-cac-cong-trinh-ha-tang-ky-thuat-cong-trinh-vien-thong\/\">Quy chu\u1ea9n k\u1ef9 thu\u1eadt qu\u1ed1c gia QCVN 07-7:2016\/BXD v\u1ec1 c\u00e1c c\u00f4ng tr\u00ecnh h\u1ea1 t\u1ea7ng k\u1ef9 thu\u1eadt \u2013  c\u00f4ng tr\u00ecnh chi\u1ebfu s\u00e1ng<\/a><\/h4>\n          <p class=\"links-bot\">\n          <span style=\"color: #000\">S\u1ed1 hi\u1ec7u: <\/span> QCVN 07-7:2016\/BXD |\n          <span style=\"color: #000\"> Lo\u1ea1i: <\/span><a href=\"https:\/\/kienthucxaydung.vn\/thuvien\/loai-tieu-chuan\/chung\/\">Chung<\/a>, <a href=\"https:\/\/kienthucxaydung.vn\/thuvien\/loai-tieu-chuan\/san-pham-xay-dung\/\">S\u1ea3n ph\u1ea9m x\u00e2y d\u1ef1ng<\/a>, <a href=\"https:\/\/kienthucxaydung.vn\/thuvien\/loai-tieu-chuan\/thi-cong-nghiem-thu\/\">Thi c\u00f4ng - Nghi\u1ec7m thu<\/a>|\n                        \n                       \n                        \n                    <\/p>\n        <\/div>\n   <\/div>\n   <div class=\"right-col\">\n         <p><span style=\"color: #000\">Ban h\u00e0nh: <\/span>01\/02\/2016<\/p>\n         <p><span style=\"color:#000\">L\u0129nh v\u1ef1c: <\/span><a href=\"https:\/\/kienthucxaydung.vn\/thuvien\/linh-vuc-tieu-chuan\/cong-nghiep\/\">C\u00f4ng Nghi\u1ec7p<\/a>, <a href=\"https:\/\/kienthucxaydung.vn\/thuvien\/linh-vuc-tieu-chuan\/dan-dung\/\">D\u00e2n d\u1ee5ng<\/a>, <a href=\"https:\/\/kienthucxaydung.vn\/thuvien\/linh-vuc-tieu-chuan\/giao-thong\/\">Giao Th\u00f4ng<\/a>, <a href=\"https:\/\/kienthucxaydung.vn\/thuvien\/linh-vuc-tieu-chuan\/ha-tang-ky-thuat\/\">H\u1ea1 t\u1ea7ng k\u1ef9 thu\u1eadt<\/a><\/p>\n                \n    <\/div>\n<\/div><\/li>\n\t\t\n\t\t\t<li><div class=\"content-0\">\n   <div class=\"left-col\">\n        <div class=\"nq\">\n         <h4 class=\"nqTitle\"><a href=\"https:\/\/kienthucxaydung.vn\/thuvien\/tieu-chuan\/qcvn-07-102016bxd-cac-cong-trinh-ha-tang-ky-thuat-cong-trinh-nghia-trang\/\">Quy chu\u1ea9n k\u1ef9 thu\u1eadt qu\u1ed1c gia QCVN 07-10:2016\/BXD v\u1ec1 c\u00e1c c\u00f4ng tr\u00ecnh h\u1ea1 t\u1ea7ng k\u1ef9 thu\u1eadt &#8211; c\u00f4ng tr\u00ecnh ngh\u0129a trang<\/a><\/h4>\n          <p class=\"links-bot\">\n          <span style=\"color: #000\">S\u1ed1 hi\u1ec7u: <\/span> QCVN 07-10:2016\/BXD |\n          <span style=\"color: #000\"> Lo\u1ea1i: <\/span><a href=\"https:\/\/kienthucxaydung.vn\/thuvien\/loai-tieu-chuan\/an-toan-moi-truong\/\">An to\u00e0n - M\u00f4i tr\u01b0\u1eddng<\/a>, <a href=\"https:\/\/kienthucxaydung.vn\/thuvien\/loai-tieu-chuan\/chung\/\">Chung<\/a>, <a href=\"https:\/\/kienthucxaydung.vn\/thuvien\/loai-tieu-chuan\/san-pham-xay-dung\/\">S\u1ea3n ph\u1ea9m x\u00e2y d\u1ef1ng<\/a>, <a href=\"https:\/\/kienthucxaydung.vn\/thuvien\/loai-tieu-chuan\/thi-cong-nghiem-thu\/\">Thi c\u00f4ng - Nghi\u1ec7m thu<\/a>|\n                        \n                       \n                        \n                    <\/p>\n        <\/div>\n   <\/div>\n   <div class=\"right-col\">\n         <p><span style=\"color: #000\">Ban h\u00e0nh: <\/span>01\/02\/2016<\/p>\n         <p><span style=\"color:#000\">L\u0129nh v\u1ef1c: <\/span><a href=\"https:\/\/kienthucxaydung.vn\/thuvien\/linh-vuc-tieu-chuan\/dan-dung\/\">D\u00e2n d\u1ee5ng<\/a>, <a href=\"https:\/\/kienthucxaydung.vn\/thuvien\/linh-vuc-tieu-chuan\/ha-tang-ky-thuat\/\">H\u1ea1 t\u1ea7ng k\u1ef9 thu\u1eadt<\/a><\/p>\n                \n    <\/div>\n<\/div><\/li>\n\t\t\n\t\t\t<li><div class=\"content-0\">\n   <div class=\"left-col\">\n        <div class=\"nq\">\n         <h4 class=\"nqTitle\"><a href=\"https:\/\/kienthucxaydung.vn\/thuvien\/tieu-chuan\/qcvn-07-82016bxd-cong-trinh-vien-thong-national-technical-regulation-technical-infrastructure-works-telecommunication\/\">Quy chu\u1ea9n k\u1ef9 thu\u1eadt qu\u1ed1c gia QCVN 07-8:2016\/BXD v\u1ec1 c\u00e1c c\u00f4ng tr\u00ecnh h\u1ea1 t\u1ea7ng k\u1ef9 thu\u1eadt &#8211; c\u00f4ng tr\u00ecnh vi\u1ec5n th\u00f4ng<\/a><\/h4>\n          <p class=\"links-bot\">\n          <span style=\"color: #000\">S\u1ed1 hi\u1ec7u: <\/span> QCVN 07-8:2016\/BXD |\n          <span style=\"color: #000\"> Lo\u1ea1i: <\/span><a href=\"https:\/\/kienthucxaydung.vn\/thuvien\/loai-tieu-chuan\/chung\/\">Chung<\/a>, <a href=\"https:\/\/kienthucxaydung.vn\/thuvien\/loai-tieu-chuan\/san-pham-xay-dung\/\">S\u1ea3n ph\u1ea9m x\u00e2y d\u1ef1ng<\/a>, <a href=\"https:\/\/kienthucxaydung.vn\/thuvien\/loai-tieu-chuan\/thi-cong-nghiem-thu\/\">Thi c\u00f4ng - Nghi\u1ec7m thu<\/a>|\n                        \n                       \n                        \n                    <\/p>\n        <\/div>\n   <\/div>\n   <div class=\"right-col\">\n         <p><span style=\"color: #000\">Ban h\u00e0nh: <\/span>01\/02\/2016<\/p>\n         <p><span style=\"color:#000\">L\u0129nh v\u1ef1c: <\/span><a href=\"https:\/\/kienthucxaydung.vn\/thuvien\/linh-vuc-tieu-chuan\/cong-nghiep\/\">C\u00f4ng Nghi\u1ec7p<\/a>, <a href=\"https:\/\/kienthucxaydung.vn\/thuvien\/linh-vuc-tieu-chuan\/dan-dung\/\">D\u00e2n d\u1ee5ng<\/a>, <a href=\"https:\/\/kienthucxaydung.vn\/thuvien\/linh-vuc-tieu-chuan\/ha-tang-ky-thuat\/\">H\u1ea1 t\u1ea7ng k\u1ef9 thu\u1eadt<\/a><\/p>\n                \n    <\/div>\n<\/div><\/li>\n\t\t\n\t\t\t<li><div class=\"content-0\">\n   <div class=\"left-col\">\n        <div class=\"nq\">\n         <h4 class=\"nqTitle\"><a href=\"https:\/\/kienthucxaydung.vn\/thuvien\/tieu-chuan\/qcvn-07-12016bxd-cong-trinh-cap-nuoc-national-technical-regulation-technical-infrastructure-works-water-supply\/\">Quy chu\u1ea9n k\u1ef9 thu\u1eadt qu\u1ed1c gia QCVN 07-1:2016\/BXD v\u1ec1 c\u00e1c c\u00f4ng tr\u00ecnh h\u1ea1 t\u1ea7ng k\u1ef9 thu\u1eadt &#8211; c\u00f4ng tr\u00ecnh c\u1ea5p n\u01b0\u1edbc<\/a><\/h4>\n          <p class=\"links-bot\">\n          <span style=\"color: #000\">S\u1ed1 hi\u1ec7u: <\/span> QCVN 07-1:2016\/BXD |\n          <span style=\"color: #000\"> Lo\u1ea1i: <\/span><a href=\"https:\/\/kienthucxaydung.vn\/thuvien\/loai-tieu-chuan\/chung\/\">Chung<\/a>, <a href=\"https:\/\/kienthucxaydung.vn\/thuvien\/loai-tieu-chuan\/quan-ly-chat-luong\/\">Qu\u1ea3n l\u00fd ch\u1ea5t l\u01b0\u1ee3ng<\/a>, <a href=\"https:\/\/kienthucxaydung.vn\/thuvien\/loai-tieu-chuan\/thi-cong-nghiem-thu\/\">Thi c\u00f4ng - Nghi\u1ec7m thu<\/a>, <a href=\"https:\/\/kienthucxaydung.vn\/thuvien\/loai-tieu-chuan\/thiet-ke\/\">Thi\u1ebft k\u1ebf<\/a>|\n                        \n                       \n                        \n                    <\/p>\n        <\/div>\n   <\/div>\n   <div class=\"right-col\">\n         <p><span style=\"color: #000\">Ban h\u00e0nh: <\/span>01\/02\/2016<\/p>\n         <p><span style=\"color:#000\">L\u0129nh v\u1ef1c: <\/span><a href=\"https:\/\/kienthucxaydung.vn\/thuvien\/linh-vuc-tieu-chuan\/dan-dung\/\">D\u00e2n d\u1ee5ng<\/a>, <a href=\"https:\/\/kienthucxaydung.vn\/thuvien\/linh-vuc-tieu-chuan\/ha-tang-ky-thuat\/\">H\u1ea1 t\u1ea7ng k\u1ef9 thu\u1eadt<\/a>, <a href=\"https:\/\/kienthucxaydung.vn\/thuvien\/linh-vuc-tieu-chuan\/nong-nghiep-nong-thon\/\">N\u00f4ng nghi\u1ec7p n\u00f4ng th\u00f4n<\/a><\/p>\n                \n    <\/div>\n<\/div><\/li>\n\t\t\n\t\t\t<li><div class=\"content-0\">\n   <div class=\"left-col\">\n        <div class=\"nq\">\n         <h4 class=\"nqTitle\"><a href=\"https:\/\/kienthucxaydung.vn\/thuvien\/tieu-chuan\/qcvn-07-22016bxd-cong-trinh-thoat-nuoc-national-technical-regulation-technical-infrastructure-works-sewerage\/\">Quy chu\u1ea9n k\u1ef9 thu\u1eadt qu\u1ed1c gia QCVN 07-2:2016\/BXD v\u1ec1 c\u00e1c c\u00f4ng tr\u00ecnh h\u1ea1 t\u1ea7ng k\u1ef9 thu\u1eadt &#8211; c\u00f4ng tr\u00ecnh tho\u00e1t n\u01b0\u1edbc<\/a><\/h4>\n          <p class=\"links-bot\">\n          <span style=\"color: #000\">S\u1ed1 hi\u1ec7u: <\/span> QCVN 07-2:2016\/BXD |\n          <span style=\"color: #000\"> Lo\u1ea1i: <\/span><a href=\"https:\/\/kienthucxaydung.vn\/thuvien\/loai-tieu-chuan\/an-toan-moi-truong\/\">An to\u00e0n - M\u00f4i tr\u01b0\u1eddng<\/a>, <a href=\"https:\/\/kienthucxaydung.vn\/thuvien\/loai-tieu-chuan\/chung\/\">Chung<\/a>, <a href=\"https:\/\/kienthucxaydung.vn\/thuvien\/loai-tieu-chuan\/quan-ly-chat-luong\/\">Qu\u1ea3n l\u00fd ch\u1ea5t l\u01b0\u1ee3ng<\/a>, <a href=\"https:\/\/kienthucxaydung.vn\/thuvien\/loai-tieu-chuan\/san-pham-xay-dung\/\">S\u1ea3n ph\u1ea9m x\u00e2y d\u1ef1ng<\/a>, <a href=\"https:\/\/kienthucxaydung.vn\/thuvien\/loai-tieu-chuan\/thi-cong-nghiem-thu\/\">Thi c\u00f4ng - Nghi\u1ec7m thu<\/a>, <a href=\"https:\/\/kienthucxaydung.vn\/thuvien\/loai-tieu-chuan\/thiet-ke\/\">Thi\u1ebft k\u1ebf<\/a>, <a href=\"https:\/\/kienthucxaydung.vn\/thuvien\/loai-tieu-chuan\/vat-lieu-xay-dung\/\">V\u1eadt Li\u1ec7u X\u00e2y d\u1ef1ng<\/a>|\n                        \n                       \n                        \n                    <\/p>\n        <\/div>\n   <\/div>\n   <div class=\"right-col\">\n         <p><span style=\"color: #000\">Ban h\u00e0nh: <\/span>01\/02\/2016<\/p>\n         <p><span style=\"color:#000\">L\u0129nh v\u1ef1c: <\/span><a href=\"https:\/\/kienthucxaydung.vn\/thuvien\/linh-vuc-tieu-chuan\/ha-tang-ky-thuat\/\">H\u1ea1 t\u1ea7ng k\u1ef9 thu\u1eadt<\/a><\/p>\n                \n    <\/div>\n<\/div><\/li>\n\t\t\n\t\t\t<li><div class=\"content-0\">\n   <div class=\"left-col\">\n        <div class=\"nq\">\n         <h4 class=\"nqTitle\"><a href=\"https:\/\/kienthucxaydung.vn\/thuvien\/tieu-chuan\/qcvn-07-32016bxd-cong-trinh-hao-va-tuy-nen-ky-thuat-national-technical-regulation-technical-infrastructure-works-trench-tunnel\/\">Quy chu\u1ea9n k\u1ef9 thu\u1eadt qu\u1ed1c gia QCVN 07-3:2016\/BXD v\u1ec1 c\u00e1c c\u00f4ng tr\u00ecnh h\u1ea1 t\u1ea7ng k\u1ef9 thu\u1eadt &#8211; c\u00f4ng tr\u00ecnh h\u00e0o v\u00e0 tuy nen k\u1ef9 thu\u1eadt<\/a><\/h4>\n          <p class=\"links-bot\">\n          <span style=\"color: #000\">S\u1ed1 hi\u1ec7u: <\/span> QCVN 07-3:2016\/BXD |\n          <span style=\"color: #000\"> Lo\u1ea1i: <\/span><a href=\"https:\/\/kienthucxaydung.vn\/thuvien\/loai-tieu-chuan\/chung\/\">Chung<\/a>, <a href=\"https:\/\/kienthucxaydung.vn\/thuvien\/loai-tieu-chuan\/quan-ly-chat-luong\/\">Qu\u1ea3n l\u00fd ch\u1ea5t l\u01b0\u1ee3ng<\/a>, <a href=\"https:\/\/kienthucxaydung.vn\/thuvien\/loai-tieu-chuan\/san-pham-xay-dung\/\">S\u1ea3n ph\u1ea9m x\u00e2y d\u1ef1ng<\/a>, <a href=\"https:\/\/kienthucxaydung.vn\/thuvien\/loai-tieu-chuan\/thi-cong-nghiem-thu\/\">Thi c\u00f4ng - Nghi\u1ec7m thu<\/a>, <a href=\"https:\/\/kienthucxaydung.vn\/thuvien\/loai-tieu-chuan\/thiet-ke\/\">Thi\u1ebft k\u1ebf<\/a>, <a href=\"https:\/\/kienthucxaydung.vn\/thuvien\/loai-tieu-chuan\/vat-lieu-xay-dung\/\">V\u1eadt Li\u1ec7u X\u00e2y d\u1ef1ng<\/a>|\n                        \n                       \n                        \n                    <\/p>\n        <\/div>\n   <\/div>\n   <div class=\"right-col\">\n         <p><span style=\"color: #000\">Ban h\u00e0nh: <\/span>01\/02\/2016<\/p>\n         <p><span style=\"color:#000\">L\u0129nh v\u1ef1c: <\/span><a href=\"https:\/\/kienthucxaydung.vn\/thuvien\/linh-vuc-tieu-chuan\/dan-dung\/\">D\u00e2n d\u1ee5ng<\/a>, <a href=\"https:\/\/kienthucxaydung.vn\/thuvien\/linh-vuc-tieu-chuan\/giao-thong\/\">Giao Th\u00f4ng<\/a>, <a href=\"https:\/\/kienthucxaydung.vn\/thuvien\/linh-vuc-tieu-chuan\/ha-tang-ky-thuat\/\">H\u1ea1 t\u1ea7ng k\u1ef9 thu\u1eadt<\/a><\/p>\n                \n    <\/div>\n<\/div><\/li>\n\t\t\n\t\t\t<li><div class=\"content-0\">\n   <div class=\"left-col\">\n        <div class=\"nq\">\n         <h4 class=\"nqTitle\"><a href=\"https:\/\/kienthucxaydung.vn\/thuvien\/tieu-chuan\/qcvn-07-42016bxd-cong-trinh-giao-thong-national-technical-regulation-technical-infrastructure-works-transportation-infrastructure\/\">Quy chu\u1ea9n k\u1ef9 thu\u1eadt qu\u1ed1c gia QCVN 07-4:2016\/BXD v\u1ec1 c\u00e1c c\u00f4ng tr\u00ecnh h\u1ea1 t\u1ea7ng k\u1ef9 thu\u1eadt &#8211; c\u00f4ng tr\u00ecnh giao th\u00f4ng<\/a><\/h4>\n          <p class=\"links-bot\">\n          <span style=\"color: #000\">S\u1ed1 hi\u1ec7u: <\/span> QCVN 07-4:2016\/BXD |\n          <span style=\"color: #000\"> Lo\u1ea1i: <\/span><a href=\"https:\/\/kienthucxaydung.vn\/thuvien\/loai-tieu-chuan\/chung\/\">Chung<\/a>, <a href=\"https:\/\/kienthucxaydung.vn\/thuvien\/loai-tieu-chuan\/thi-cong-nghiem-thu\/\">Thi c\u00f4ng - Nghi\u1ec7m thu<\/a>, <a href=\"https:\/\/kienthucxaydung.vn\/thuvien\/loai-tieu-chuan\/thiet-ke\/\">Thi\u1ebft k\u1ebf<\/a>, <a href=\"https:\/\/kienthucxaydung.vn\/thuvien\/loai-tieu-chuan\/vat-lieu-xay-dung\/\">V\u1eadt Li\u1ec7u X\u00e2y d\u1ef1ng<\/a>|\n                        \n                       \n                        \n                    <\/p>\n        <\/div>\n   <\/div>\n   <div class=\"right-col\">\n         <p><span style=\"color: #000\">Ban h\u00e0nh: <\/span>01\/02\/2016<\/p>\n         <p><span style=\"color:#000\">L\u0129nh v\u1ef1c: <\/span><a href=\"https:\/\/kienthucxaydung.vn\/thuvien\/linh-vuc-tieu-chuan\/giao-thong\/\">Giao Th\u00f4ng<\/a>, <a href=\"https:\/\/kienthucxaydung.vn\/thuvien\/linh-vuc-tieu-chuan\/ha-tang-ky-thuat\/\">H\u1ea1 t\u1ea7ng k\u1ef9 thu\u1eadt<\/a><\/p>\n                \n    <\/div>\n<\/div><\/li>\n\t\t\n\t\t\t<li><div class=\"content-0\">\n   <div class=\"left-col\">\n        <div class=\"nq\">\n         <h4 class=\"nqTitle\"><a href=\"https:\/\/kienthucxaydung.vn\/thuvien\/tieu-chuan\/qcvn-07-52016bxd-cong-trinh-cap-dien-national-technical-regulationtechnical-infrastructure-works-electricity-supply\/\">Quy chu\u1ea9n k\u1ef9 thu\u1eadt qu\u1ed1c gia QCVN 07-5:2016\/BXD v\u1ec1 c\u00e1c c\u00f4ng tr\u00ecnh h\u1ea1 t\u1ea7ng k\u1ef9 thu\u1eadt \u2013  c\u00f4ng tr\u00ecnh c\u1ea5p \u0111i\u1ec7n<\/a><\/h4>\n          <p class=\"links-bot\">\n          <span style=\"color: #000\">S\u1ed1 hi\u1ec7u: <\/span> QCVN 07-5:2016\/BXD |\n          <span style=\"color: #000\"> Lo\u1ea1i: <\/span><a href=\"https:\/\/kienthucxaydung.vn\/thuvien\/loai-tieu-chuan\/chung\/\">Chung<\/a>, <a href=\"https:\/\/kienthucxaydung.vn\/thuvien\/loai-tieu-chuan\/quan-ly-chat-luong\/\">Qu\u1ea3n l\u00fd ch\u1ea5t l\u01b0\u1ee3ng<\/a>, <a href=\"https:\/\/kienthucxaydung.vn\/thuvien\/loai-tieu-chuan\/san-pham-xay-dung\/\">S\u1ea3n ph\u1ea9m x\u00e2y d\u1ef1ng<\/a>, <a href=\"https:\/\/kienthucxaydung.vn\/thuvien\/loai-tieu-chuan\/thi-cong-nghiem-thu\/\">Thi c\u00f4ng - Nghi\u1ec7m thu<\/a>, <a href=\"https:\/\/kienthucxaydung.vn\/thuvien\/loai-tieu-chuan\/thiet-ke\/\">Thi\u1ebft k\u1ebf<\/a>|\n                        \n                       \n                        \n                    <\/p>\n        <\/div>\n   <\/div>\n   <div class=\"right-col\">\n         <p><span style=\"color: #000\">Ban h\u00e0nh: <\/span>01\/02\/2016<\/p>\n         <p><span style=\"color:#000\">L\u0129nh v\u1ef1c: <\/span><a href=\"https:\/\/kienthucxaydung.vn\/thuvien\/linh-vuc-tieu-chuan\/dan-dung\/\">D\u00e2n d\u1ee5ng<\/a>, <a href=\"https:\/\/kienthucxaydung.vn\/thuvien\/linh-vuc-tieu-chuan\/ha-tang-ky-thuat\/\">H\u1ea1 t\u1ea7ng k\u1ef9 thu\u1eadt<\/a><\/p>\n                \n    <\/div>\n<\/div><\/li>\n\t\t\n\t\t\t<li><div class=\"content-0\">\n   <div class=\"left-col\">\n        <div class=\"nq\">\n         <h4 class=\"nqTitle\"><a href=\"https:\/\/kienthucxaydung.vn\/thuvien\/tieu-chuan\/qcvn-07-62016bxd-cac-cong-trinh-ha-tang-ky-thuat-cong-trinh-cap-xang-dau-khi-dot\/\">Quy chu\u1ea9n k\u1ef9 thu\u1eadt qu\u1ed1c gia QCVN 07-6:2016\/BXD v\u1ec1 c\u00e1c c\u00f4ng tr\u00ecnh h\u1ea1 t\u1ea7ng k\u1ef9 thu\u1eadt \u2013  c\u00f4ng tr\u00ecnh c\u1ea5p x\u0103ng d\u1ea7u, kh\u00ed \u0111\u1ed1t<\/a><\/h4>\n          <p class=\"links-bot\">\n          <span style=\"color: #000\">S\u1ed1 hi\u1ec7u: <\/span> QCVN 07-6:2016\/BXD |\n          <span style=\"color: #000\"> Lo\u1ea1i: <\/span><a href=\"https:\/\/kienthucxaydung.vn\/thuvien\/loai-tieu-chuan\/an-toan-moi-truong\/\">An to\u00e0n - M\u00f4i tr\u01b0\u1eddng<\/a>, <a href=\"https:\/\/kienthucxaydung.vn\/thuvien\/loai-tieu-chuan\/chung\/\">Chung<\/a>, <a href=\"https:\/\/kienthucxaydung.vn\/thuvien\/loai-tieu-chuan\/san-pham-xay-dung\/\">S\u1ea3n ph\u1ea9m x\u00e2y d\u1ef1ng<\/a>, <a href=\"https:\/\/kienthucxaydung.vn\/thuvien\/loai-tieu-chuan\/thi-cong-nghiem-thu\/\">Thi c\u00f4ng - Nghi\u1ec7m thu<\/a>|\n                        \n                       \n                        \n                    <\/p>\n        <\/div>\n   <\/div>\n   <div class=\"right-col\">\n         <p><span style=\"color: #000\">Ban h\u00e0nh: <\/span>01\/02\/2016<\/p>\n         <p><span style=\"color:#000\">L\u0129nh v\u1ef1c: <\/span><a href=\"https:\/\/kienthucxaydung.vn\/thuvien\/linh-vuc-tieu-chuan\/an-ninh-quoc-phong\/\">An ninh Qu\u1ed1c ph\u00f2ng<\/a>, <a href=\"https:\/\/kienthucxaydung.vn\/thuvien\/linh-vuc-tieu-chuan\/cong-nghiep\/\">C\u00f4ng Nghi\u1ec7p<\/a>, <a href=\"https:\/\/kienthucxaydung.vn\/thuvien\/linh-vuc-tieu-chuan\/ha-tang-ky-thuat\/\">H\u1ea1 t\u1ea7ng k\u1ef9 thu\u1eadt<\/a><\/p>\n                \n    <\/div>\n<\/div><\/li>\n\t\t\n\t\t\t<li><div class=\"content-0\">\n   <div class=\"left-col\">\n        <div class=\"nq\">\n         <h4 class=\"nqTitle\"><a href=\"https:\/\/kienthucxaydung.vn\/thuvien\/tieu-chuan\/qcvn-07-92016bxd-cac-cong-trinh-ha-tang-ky-thuat-cong-trinh-quan-ly-chat-thai-ran-va-nha-ve-sinh-cong-cong\/\">Quy chu\u1ea9n k\u1ef9 thu\u1eadt qu\u1ed1c gia QCVN 07-9:2016\/BXD v\u1ec1 c\u00e1c c\u00f4ng tr\u00ecnh h\u1ea1 t\u1ea7ng k\u1ef9 thu\u1eadt \u2013 c\u00f4ng tr\u00ecnh qu\u1ea3n l\u00fd ch\u1ea5t th\u1ea3i r\u1eafn v\u00e0 nh\u00e0 v\u1ec7 sinh c\u00f4ng c\u1ed9ng<\/a><\/h4>\n          <p class=\"links-bot\">\n          <span style=\"color: #000\">S\u1ed1 hi\u1ec7u: <\/span> QCVN 07-9:2016\/BXD |\n          <span style=\"color: #000\"> Lo\u1ea1i: <\/span><a href=\"https:\/\/kienthucxaydung.vn\/thuvien\/loai-tieu-chuan\/an-toan-moi-truong\/\">An to\u00e0n - M\u00f4i tr\u01b0\u1eddng<\/a>, <a href=\"https:\/\/kienthucxaydung.vn\/thuvien\/loai-tieu-chuan\/chung\/\">Chung<\/a>, <a href=\"https:\/\/kienthucxaydung.vn\/thuvien\/loai-tieu-chuan\/quan-ly-chat-luong\/\">Qu\u1ea3n l\u00fd ch\u1ea5t l\u01b0\u1ee3ng<\/a>, <a href=\"https:\/\/kienthucxaydung.vn\/thuvien\/loai-tieu-chuan\/san-pham-xay-dung\/\">S\u1ea3n ph\u1ea9m x\u00e2y d\u1ef1ng<\/a>, <a href=\"https:\/\/kienthucxaydung.vn\/thuvien\/loai-tieu-chuan\/thi-cong-nghiem-thu\/\">Thi c\u00f4ng - Nghi\u1ec7m thu<\/a>|\n                        \n                       \n                        \n                    <\/p>\n        <\/div>\n   <\/div>\n   <div class=\"right-col\">\n         <p><span style=\"color: #000\">Ban h\u00e0nh: <\/span>01\/02\/2016<\/p>\n         <p><span style=\"color:#000\">L\u0129nh v\u1ef1c: <\/span><a href=\"https:\/\/kienthucxaydung.vn\/thuvien\/linh-vuc-tieu-chuan\/cong-nghiep\/\">C\u00f4ng Nghi\u1ec7p<\/a>, <a href=\"https:\/\/kienthucxaydung.vn\/thuvien\/linh-vuc-tieu-chuan\/dan-dung\/\">D\u00e2n d\u1ee5ng<\/a>, <a href=\"https:\/\/kienthucxaydung.vn\/thuvien\/linh-vuc-tieu-chuan\/ha-tang-ky-thuat\/\">H\u1ea1 t\u1ea7ng k\u1ef9 thu\u1eadt<\/a><\/p>\n                \n    <\/div>\n<\/div><\/li>\n\t\t\n\t<\/ul>\n\t\n\t\n\t\n<\/div>\n\n","protected":false},"excerpt":{"rendered":"","protected":false},"author":1,"featured_media":0,"parent":0,"menu_order":0,"comment_status":"closed","ping_status":"closed","template":"","meta":[],"_links":{"self":[{"href":"https:\/\/kienthucxaydung.vn\/thuvien\/wp-json\/wp\/v2\/pages\/44"}],"collection":[{"href":"https:\/\/kienthucxaydung.vn\/thuvien\/wp-json\/wp\/v2\/pages"}],"about":[{"href":"https:\/\/kienthucxaydung.vn\/thuvien\/wp-json\/wp\/v2\/types\/page"}],"author":[{"embeddable":true,"href":"https:\/\/kienthucxaydung.vn\/thuvien\/wp-json\/wp\/v2\/users\/1"}],"replies":[{"embeddable":true,"href":"https:\/\/kienthucxaydung.vn\/thuvien\/wp-json\/wp\/v2\/comments?post=44"}],"version-history":[{"count":6,"href":"https:\/\/kienthucxaydung.vn\/thuvien\/wp-json\/wp\/v2\/pages\/44\/revisions"}],"predecessor-version":[{"id":323,"href":"https:\/\/kienthucxaydung.vn\/thuvien\/wp-json\/wp\/v2\/pages\/44\/revisions\/323"}],"wp:attachment":[{"href":"https:\/\/kienthucxaydung.vn\/thuvien\/wp-json\/wp\/v2\/media?parent=44"}],"curies":[{"name":"wp","href":"https:\/\/api.w.org\/{rel}","templated":true}]}}